(m) = 4*m - 10. Calculate d(10).
30
Let w(u) = -u**2 - 6*u + 11. Give w(-8).
-5
Let x(t) = -t**2 - 21*t + 16. Determine x(-22).
-6
Let i(u) = u**3 - 2*u**2 + 5*u - 7. Calculate i(3).
17
Let b(r) = -25*r + 50. Give b(2).
0
Let x(y) = -y**3 - 11*y**2 - 15*y - 33. What is x(-10)?
17
Let r(a) = -a**3 + a**2 + 12*a - 7. What is r(-4)?
25
Let q(t) = t**3 + 7*t**2 + t + 7. What is q(-7)?
0
Let n(r) = r**3 + 5*r**2 - 4*r - 1. Calculate n(1).
1
Let k(h) = -h**3 - 12*h**2 - 5*h + 5. Calculate k(-12).
65
Let c(r) = 2*r**2 + 27*r - 191. Calculate c(5).
-6
Let g(u) = 10*u**2 - u + 1. Determine g(1).
10
Let d(w) = 5*w - 18. Give d(9).
27
Let b(w) = w**3 + 6*w**2 + 2*w + 2. Calculate b(-6).
-10
Let k(h) = -h**3 - 11*h**2 - 14*h - 55. Calculate k(-10).
-15
Let p(d) = d**3 + 13*d**2 - 9*d + 64. Give p(-14).
-6
Let l(d) = d**2 + 31*d - 1022. Give l(-51).
-2
Let w(x) = -5*x**2 - 32*x - 15. Calculate w(-6).
-3
Let z(u) = 3*u**3 - 8*u**2 + 11*u + 2. Determine z(4).
110
Let n(t) = -t**3 + t**2 + 34. Give n(0).
34
Let j(p) = -2*p**2 - 3*p - 3. Calculate j(-3).
-12
Let a(i) = -i**3 + 4*i**2 + 15*i + 11. Give a(7).
-31
Let a(n) = -n + 23. Give a(13).
10
Let a(j) = -j**3 + 10*j**2 + 11*j - 7. Give a(11).
-7
Let s(i) = i**3 + 14*i**2 + 14*i + 22. Calculate s(-13).
9
Let v(b) = -12*b - 38. Determine v(-9).
70
Let o(j) = j**3 - 7*j - 2. Determine o(-3).
-8
Let x(m) = m**3 - 6*m**2 + 5*m + 1. Give x(4).
-11
Let c(a) = 2*a**2 - 15*a + 93. What is c(5)?
68
Let i(z) = 2*z**2 + 11*z + 5. Calculate i(-8).
45
Let k(v) = -93*v**2 + 3*v - 4. Calculate k(1).
-94
Let k(h) = h**3 + 3*h**2 - 12*h - 13. Calculate k(-4).
19
Let n(p) = -p + 5. What is n(8)?
-3
Let u(g) = -4*g**2 + g + 42. Calculate u(-4).
-26
Let z(v) = 5*v - 34. Calculate z(8).
6
Let i(b) = b**2 + 14*b + 2. Determine i(-13).
-11
Let m(s) = s**3 + 13*s**2 + 2*s + 26. Determine m(-13).
0
Let y(k) = k**3 + 7*k**2 - 23*k - 49. Determine y(-9).
-4
Let j(q) = 23*q**2 + q - 3. Determine j(2).
91
Let m(o) = -7*o**2 - 2*o + 2. What is m(-2)?
-22
Let h(d) = -26*d**2 + 4*d + 6. Give h(-1).
-24
Let z(k) = k**3 + 12*k**2 + 10*k - 2. Calculate z(-11).
9
Let c(j) = -j**2 + 4*j + 56. Determine c(-6).
-4
Let r(j) = 2*j**3 + 3*j**2 + j + 1. What is r(-2)?
-5
Let z(o) = o**3 + 20*o**2 + 51*o + 4. Give z(-17).
4
Let a(h) = -h**2 + 2*h + 21. Calculate a(6).
-3
Let l(x) = -x + 47. What is l(12)?
35
Let a(v) = v**3 - 4*v**2 - 7*v - 2. Give a(5).
-12
Let h(b) = -b**2 + 12*b + 10. Determine h(10).
30
Let o(f) = -2*f + 19. Give o(5).
9
Let g(t) = 4*t + 84. What is g(-14)?
28
Let m(x) = x**2 - x - 3. What is m(3)?
3
Let n(c) = 10*c + 1. Calculate n(3).
31
Let t(m) = 4*m + 22. What is t(-8)?
-10
Let b(w) = -w**2 - 7*w - 20. Determine b(-8).
-28
Let c(u) = u**3 - u**2 - u + 4. Calculate c(2).
6
Let o(f) = f**2 + f. What is o(-5)?
20
Let a(z) = 2*z**2 - 37*z + 58. Determine a(17).
7
Let s(z) = 2*z**2 + 40*z + 15. Give s(-19).
-23
Let f(n) = 2*n + 23. What is f(-11)?
1
Let j(o) = -5*o + 17. Calculate j(5).
-8
Let t(d) = 4*d**3 - 2*d**2 - 3*d + 2. What is t(2)?
20
Let q(j) = 8*j - 35. What is q(-12)?
-131
Let j(c) = 2*c**2 - 16*c + 26. What is j(5)?
-4
Let o(f) = -22*f + 218. Give o(11).
-24
Let x(j) = -2*j**2 - 5*j - 1. What is x(-5)?
-26
Let k(r) = -r**3 - 9*r**2 - 3*r + 12. Calculate k(-9).
39
Let c(k) = -3*k - 2. Give c(11).
-35
Let r(w) = -2*w**2 + 21*w + 8. Determine r(11).
-3
Let q(s) = -2*s**2 - 30*s - 6. Determine q(-15).
-6
Let p(w) = -5*w - 26. What is p(-4)?
-6
Let k(s) = s**3 + 5*s**2 + 2*s + 6. Give k(-5).
-4
Let c(u) = u**2 + 4*u + 3. Calculate c(-7).
24
Let k(z) = -z**2 - 11*z + 35. Determine k(-15).
-25
Let r(z) = -z**2 - 8*z + 9. Give r(-9).
0
Let b(p) = -25*p - 147. What is b(-6)?
3
Let l(y) = y**3 + 3*y**2 - 2*y - 2. Calculate l(-3).
4
Let v(t) = t**3 - 3*t**2 - 4*t + 10. Calculate v(4).
10
Let i(g) = -g**2 + 25*g - 13. Determine i(25).
-13
Let f(m) = -m**2 - 15*m - 38. Determine f(-5).
12
Let o(m) = m**2 - 17*m - 5. Determine o(19).
33
Let f(r) = 3*r + 18. Calculate f(-9).
-9
Let u(n) = 10*n**2 - 122*n + 32. Give u(12).
8
Let h(j) = -j**2 - 9*j - 6. Give h(-6).
12
Let y(u) = 2*u**2 + 16*u - 22. What is y(-9)?
-4
Let n(f) = 10*f - 1. Give n(-2).
-21
Let l(j) = j**3 - 2*j - 1. Give l(-3).
-22
Let o(g) = 2*g**2 + 3. Calculate o(2).
11
Let v(k) = -k**3 + 4*k**2 + 9*k - 9. What is v(5)?
11
Let w(s) = -s - 11. What is w(-3)?
-8
Let r(g) = 6*g**2 + 72*g - 40. What is r(-12)?
-40
Let g(k) = -6*k - 70. Give g(-15).
20
Let y(g) = g**3 + 20*g**2 + 29*g + 189. What is y(-19)?
-1
Let o(s) = -s**3 + 3*s**2 + 13*s - 16. Calculate o(5).
-1
Let s(t) = t - 18. What is s(8)?
-10
Let y(s) = s - 6. Determine y(8).
2
Let a(w) = -8*w**3 - w**2 - 2*w - 2. Give a(-1).
7
Let q(w) = w**2 + 16*w + 36. Give q(-14).
8
Let z(g) = -2*g. Determine z(-7).
14
Let d(x) = -x**3 - 8*x**2 - 13*x + 7. Give d(-5).
-3
Let d(i) = 25*i + 52. What is d(-2)?
2
Let o(g) = -14*g + 27. What is o(2)?
-1
Let r(k) = -3*k + 17. Calculate r(16).
-31
Let z(j) = 2*j**3 - j**2 - 12. Calculate z(0).
-12
Let t(o) = -o**3 - o + 14. What is t(0)?
14
Let q(g) = g**3 - 7*g**2 - 12*g + 9. Calculate q(8).
-23
Let a(b) = 3*b**2 - 30*b - 3. Calculate a(10).
-3
Let h(s) = s**3 - 9*s**2 + 17*s - 16. Determine h(7).
5
Let u(t) = -t**3 + 2*t**2 + 3. What is u(3)?
-6
Let c(b) = -28*b - 383. Calculate c(-15).
37
Let c(k) = 2*k**2 - 23*k + 5. Give c(11).
-6
Let v(i) = -i**2 - 10*i - 6. What is v(-8)?
10
Let f(k) = 3*k + 80. Calculate f(-18).
26
Let z(y) = -y**2 + 31*y + 35. Give z(32).
3
Let k(j) = -j + 21. Determine k(17).
4
Let o(v) = -v**3 + 4*v**2 + 9*v - 1. What is o(5)?
19
Let k(d) = -d**3 - 7*d**2 + 2*d - 58. Calculate k(-7).
-72
Let q(x) = 3*x**2 - 22*x + 20. Calculate q(6).
-4
Let n(q) = 5*q - 11. Calculate n(-6).
-41
Let n(t) = 4*t**2 + t + 2. Determine n(2).
20
Let h(p) = -p**2 + 5*p + 3. What is h(-4)?
-33
Let r(y) = y**2 + 4*y + 5. Calculate r(-4).
5
Let v(z) = z + 4. What is v(9)?
13
Let w(p) = -p**3 - 6*p**2 + 9*p + 16. Give w(-7).
2
Let t(m) = m**3 - 3*m**2 - 4*m - 7. Give t(4).
-7
Let m(l) = -l**3 + 3*l**2 + 8*l - 10. Give m(4).
6
Let t(a) = a + 2. Determine t(6).
8
Let g(s) = -s**2 + 27*s + 54. Calculate g(30).
-36
Let p(n) = 6*n**2 - 5*n - 27. Give p(-6).
219
Let n(f) = -2*f**2 + 3*f + 1. Determine n(-3).
-26
Let t(h) = -h**2 + 4*h - 19. Determine t(4).
-19
Let y(v) = 17*v + 5. What is y(4)?
73
Let g(o) = -2*o**2 - 2*o + 5. What is g(0)?
5
Let r(w) = w**2 + 6*w - 34. Give r(-14).
78
Let w(g) = -g**2 - 12*g - 18. What is w(-11)?
-7
Let u(p) = -13*p + 206. Give u(17).
-15
Let f(g) = 2*g**3 + g**2 + 1. Calculate f(-2).
-11
Let c(m) = 6*m. Determine c(3).
18
Let q(z) = -2*z**3 + z**2 - 1. Calculate q(2).
-13
Let g(u) = -2*u**2 + 21*u - 40. What is g(9)?
-13
Let t(o) = -44*o - 369. Give t(-9).
27
Let f(c) = 60*c - 2. Calculate f(2).
118
Let o(r) = 2*r**3 + 29*r**2 - 6*r + 1. Give o(-15).
-134
Let r(q) = 3*q + 60. Give r(-19).
3
Let j(l) = -3*l + 5. Give j(8).
-19
Let y(i) = 2*i - 34. Give y(16).
-2
Let f(s) = -s**2 + s + 55. Calculate f(-5).
25
Let w(x) = x**3 - x**2 - 2*x + 3. Give w(2).
3
Let u(v) = -v - 5. Calculate u(-5).
0
Let p(v) = 2*v**2 + 18*v - 10. Determine p(-11).
34
Let h(s) = s**3 - 12*s**2 - 14*s + 5. Give h(13).
-8
Let c(w) = 6*w - 185. What is c(26)?
-29
Let t(x) = 4*x. Give t(2).
8
Let i(f) = -f**3 - 2*f**2 + 2*f + 1. Determine i(-2).
-3
Let o(z) = z**3 + 11*z**2 + 11*z. Calculate o(-10).
-10
Let r(c) = 9*c - 118. Calculate r(13).
-1
Let t(g) = -2*g**2 - 2*g + 2. Determine t(-2).
-2
Let r(l) = -8*l + 12. Calculate r(4).
-20
Let a(u) = -u**3 + 30*u**2 - 33*u + 41. Determine a(29).
-75
Let d(r) = r**2 - 22*r + 91. Determine d(16).
-5
Let s(h) = -2*h**2 - 30*h + 183. Determine s(5).
-17
Let p(s) = -26*s + 30. What is p(-2)?
82
Let j(n) = 8*n - 84. Calculate j(11).
4
Let y(o) = -4*o**2 + o + 2. Give y(2).
-12
Let y(w) = 5*w**2 + 8*w + 3. What is y(-2)?
7
Let b(s) = s**3 - 8*s**2 + 4*s - 8. Give b(8).
24
Let s(a) = a**2 + 2*a - 6. Give s(-5).
9
Let a(u) = -u**3 + 5*u + 9. Calculate a(-2).
7
Let u(q) = -q**2 + 3*q + 5. Determine u(4).
1
Let t(f) = -12*f + 5. What is t(3)?
-31
Let v(m) = -7*m + 3. Give v(-16).
115
Let o(c) = c - 4. Calculate o(-4).
-8
Let k(f) = 137*f**3 - 1. Calculate k(1).
136
Let r(q) = -q - 8. Give r(4).
-12
Let c(b) = -5*b**2 - 14*b - 17. What is c(-6)